In base 3, what is 110002 - -10012?
120021
In base 7, what is 22003 + 2?
22005
In base 2, what is 10 + -1100010?
-1100000
In base 2, what is 110 + -100001?
-11011
In base 16, what is -1bb + 5?
-1b6
In base 10, what is -1 + -4?
-5
In base 10, what is 53 + -7?
46
In base 16, what is 1f + 23?
42
In base 11, what is -1 - 2669?
-266a
In base 7, what is -43 + 35?
-5
In base 2, what is -10101100 - 101?
-10110001
In base 14, what is -3 + b?
8
In base 6, what is -4 + 3415?
3411
In base 16, what is 680 + -1?
67f
In base 12, what is 0 - 2?
-2
In base 6, what is 332 + 1?
333
In base 10, what is -4 + -531?
-535
In base 7, what is -5 - 104?
-112
In base 6, what is 2 + -13?
-11
In base 4, what is 1103 + -12233?
-11130
In base 9, what is -261 + 3?
-257
In base 12, what is 83a4 - 3?
83a1
In base 10, what is -6 + 52?
46
In base 15, what is -21d + a?
-213
In base 15, what is 2 - -534?
536
In base 14, what is -1 - -135?
134
In base 2, what is -1000000 - 0?
-1000000
In base 9, what is -100 - 2?
-102
In base 7, what is 2266 - 2?
2264
In base 12, what is -4 - 797?
-79b
In base 12, what is 4 + a1?
a5
In base 4, what is -30 - -2?
-22
In base 14, what is 1 + 91?
92
In base 5, what is -120014 + 2?
-120012
In base 13, what is 2 + -82?
-80
In base 12, what is -362 - -3?
-35b
In base 12, what is 35 - 0?
35
In base 15, what is 1 - 3d?
-3c
In base 7, what is 612 - 2?
610
In base 16, what is -3 - be1?
-be4
In base 4, what is 2 + -10110?
-10102
In base 14, what is 0 + -39?
-39
In base 9, what is 265 - 1?
264
In base 10, what is -236 + -4?
-240
In base 2, what is -1 + 1101110101?
1101110100
In base 16, what is 229 - 1?
228
In base 16, what is 2 + -4?
-2
In base 9, what is -2 - -21?
18
In base 12, what is 49 - -100?
149
In base 15, what is 2ad - 5?
2a8
In base 16, what is e0 - -7?
e7
In base 16, what is 1db4 - 5?
1daf
In base 14, what is -1c - -3?
-19
In base 16, what is -3b + -43?
-7e
In base 11, what is -6 - 73?
-79
In base 15, what is 1b - 2?
19
In base 4, what is 3 - -313?
322
In base 8, what is 1 + -1371?
-1370
In base 6, what is 0 - 13?
-13
In base 13, what is 4b - -1?
4c
In base 5, what is -10 - 1042?
-1102
In base 4, what is -3 + 321213?
321210
In base 15, what is 4 + -18?
-14
In base 16, what is 1c94 - -1?
1c95
In base 10, what is 8 - 16?
-8
In base 4, what is -2 - -20120?
20112
In base 10, what is 4 - -166?
170
In base 8, what is 305 + 4?
311
In base 6, what is -3 - -4113?
4110
In base 2, what is -11111111000111 + 1?
-11111111000110
In base 5, what is -1 - 24333?
-24334
In base 15, what is d + -b4?
-a6
In base 7, what is 20 - -55?
105
In base 4, what is -11 - 102?
-113
In base 15, what is 0 - 109?
-109
In base 11, what is 2330 + 3?
2333
In base 10, what is -25 + 7?
-18
In base 15, what is 1 - 2b?
-2a
In base 14, what is -185 - -1?
-184
In base 8, what is -2320 - -21?
-2277
In base 14, what is -2 + -9c7?
-9c9
In base 3, what is -211202 - 11?
-211220
In base 7, what is -13 - 0?
-13
In base 11, what is 87 + 13?
9a
In base 11, what is 8 - 268?
-260
In base 15, what is 52 - -a?
5c
In base 2, what is -101 - 1011010111?
-1011011100
In base 14, what is -135 + 3?
-132
In base 3, what is -220201 - 110?
-221011
In base 8, what is 55 - -7?
64
In base 3, what is -11001 - 1201?
-12202
In base 11, what is -230 + -4?
-234
In base 14, what is -240 + -2?
-242
In base 15, what is -5 + 2d94?
2d8e
In base 5, what is 140 - -44?
234
In base 13, what is -8c5 + 6?
-8bc
In base 16, what is 288 + -3?
285
In base 6, what is 141122 + 2?
141124
In base 2, what is 11111100011 + 0?
11111100011
In base 9, what is -3 - 22?
-25
In base 15, what is 1a43 + -4?
1a3e
In base 5, what is -44 - 22?
-121
In base 2, what is -11 - -100110?
100011
In base 5, what is -12 + -13?
-30
In base 13, what is 1 - 730?
-72c
In base 15, what is -ac - 1?
-ad
In base 16, what is -5 + 2a?
25
In base 4, what is 10311 - 131?
10120
In base 7, what is 5 + 3603?
3611
In base 2, what is -101101 - -10010?
-11011
In base 14, what is d + -11?
-2
In base 14, what is 9d + 5d?
11c
In base 9, what is 32 + 5?
37
In base 8, what is 57 + 114?
173
In base 2, what is -11 - -10001?
1110
In base 10, what is -3 + -51?
-54
In base 13, what is 4 + a?
11
In base 3, what is 1211 + 100?
2011
In base 3, what is 200222 + -2?
200220
In base 7, what is 10 - 66?
-56
In base 11, what is 23 - 23?
0
In base 5, what is -10 + -131?
-141
In base 8, what is 170 + 12?
202
In base 11, what is -250 - -5?
-246
In base 3, what is -202012122 + -1?
-202012200
In base 14, what is 4 + 846?
84a
In base 16, what is -a6 + -8?
-ae
In base 10, what is 4 - 25?
-21
In base 3, what is -22002 + 0?
-22002
In base 14, what is -4 - -11?
b
In base 5, what is -24 - -1300?
1221
In base 6, what is -3 - 0?
-3
In base 16, what is a - 6?
4
In base 7, what is -14244 + -1?
-14245
In base 3, what is -1002 - -21?
-211
In base 8, what is 213 + -7?
204
In base 11, what is 126 + -18?
109
In base 3, what is -1010011 + -112?
-1010200
In base 5, what is 10 - 10142?
-10132
In base 8, what is -4 - -60?
54
In base 7, what is -5 - 112?
-120
In base 7, what is -1541 + 3?
-1535
In base 8, what is 74 - 2?
72
In base 9, what is -507 - 1?
-508
In base 3, what is 1012 + -2112?
-1100
In base 3, what is 20 + -1221?
-1201
In base 14, what is -2c + -23?
-51
In base 8, what is -10203 + -2?
-10205
In base 9, what is 5 + -54?
-48
In base 16, what is -2 - -b35?
b33
In base 12, what is 6 + 4?
a
In base 13, what is -11 - -18?
7
In base 6, what is -1122033 + 0?
-1122033
In base 8, what is 4 + -5?
-1
In base 9, what is 71 + 2?
73
In base 12, what is -2 - 190b?
-1911
In base 16, what is 4b4 - -4?
4b8
In base 2, what is 11110101 + -101?
11110000
In base 12, what is -48 + 1?
-47
In base 2, what is 11001011 - 10?
11001001
In base 10, what is -271 + 4?
-267
In base 9, what is 12071 - -2?
12073
In base 10, what is -4 - 1759?
-1763
In base 8, what is 503 + -3?
500
In base 4, what is 3 + -32121?
-32112
In base 9, what is -406 + 5?
-401
In base 9, what is -635 - -2?
-633
In base 4, what is -13031 - -13?
-13012
In base 4, what is -302103 - -10?
-302033
In base 2, what is -10100 - 11?
-10111
In base 13, what is 1352 - -3?
1355
In base 7, what is 515 - 4?
511
In base 10, what is 5 + 50?
55
In base 9, what is 1 - -548?
550
In base 5, what is -2 - 41?
-43
In base 3, what is -212201 - 11?
-212212
In base 2, what is 1110110011010 + -100?
1110110010110
In base 11, what is 466 - -3?
469
In base 7, what is 5213 + -2?
5211
In base 9, what is 2815 - 3?
2812
In base 3, what is 211 + 2112?
10100
In base 3, what is -12112201 - 11?
-12112212
In base 12, what is -60 + -2?
-62
In base 6, what is -102 - -152?
50
In base 9, what is -42 + -4?
-46
In base 12, what is -472 - 4?
-476
In base 15, what is a34 + 1?
a35
In base 5, what is 330 + 2?
332
In base 14, what is -5 + 4a?
45
In base 4, what is 220 - -13?
233
In base 16, what is -4f + 2?
-4d
In base 4, what is 202 + 222?
1030
In base 16, what is 1 + 14?
15
In base 8, what is 3 + -72?
-67
In base 15, what is -14 - -21?
c
In base 2, what is 1101000 - -1?
1101001
In base 7, what is 153 + 52?
235
In base 9, what is -1043 + -4?
-1047
In base 6, what is -135 + 350?
211
In base 14, what is -2 + -42?
-44
In base 11, what is -8 + 32?
25
In base 6, what is -42312 - 1?
-42313
In base 4, what is -1 - -3?
2
In base 9, what is -27 - -182?
154
In base 6, what is 44 + 2?
50
In base 7, what is 50 - 22?
25
In base 12, what is -1 - 14b5?
-14b6
In base 12, what is 7 + -73?
-68
In base 7, what is 3 + -12?
-6
In base 7, what is 1456 - 4?
1452
In base 9, what is -35 - 158?
-204
In base 2, what is -10011 - 1010000?
-1100011
In base 13, what is 2 + 12?
14
In base 6, what is 35 - -4?
43
In base 4, what is 201 - -11?
212
In base 6, what is -23 + -33?
-100
In base 15, what is -6 - 10?
-16
In base 6, what is 5113 + -4?
5105
In base 11, what is -a + 7?
-3
In base 2, what is -1101000 + -11?
-1101011
In base 11, what is 5 + 5482?
5487
In base 7, what is -5 - -604?
566
In base 4, what is -11 - -31?
20
In base 12, what is -b49 + 5?
-b44
In base 9, what is -7 + 2?
-5
In base 16, what is 2b - a?
21
In base 10, what is -2448 + 3?
-2445
In base 8, what is -4 + 5163?
5157
In base 4, what is 3 - -1122?
1131
In base 13, what is 2 + 41bb?
41c0
In base 2, what is 1 - 101001111010?
-101001111001
In base 9, what is -4 + 127?
123
In base 15, w